{"id":1180,"date":"2024-04-23T15:32:27","date_gmt":"2024-04-23T12:32:27","guid":{"rendered":"http:\/\/konjeniski-klub-doly.com\/?page_id=1180"},"modified":"2024-04-23T15:32:27","modified_gmt":"2024-04-23T12:32:27","slug":"1xbet-je-jednym-z-najlepsich-bookmakerov-v-modernom-stavkovani","status":"publish","type":"page","link":"http:\/\/konjeniski-klub-doly.com\/?page_id=1180","title":{"rendered":"1xbet je jedn\u00fdm z najlep\u0161\u00edch bookmakerov v modernom st\u00e1vkovan\u00ed"},"content":{"rendered":"\n<p>1xbet je najlep\u0161\u00ed bookmaker v eur\u00f3pskych krajin\u00e1ch, ako aj v postsovietskych regi\u00f3noch. Eur\u00f3psky st\u00e1vkov\u00fd trh je ve\u013emi zlo\u017eit\u00fd a existuje mnoho \u010fal\u0161\u00edch st\u00e1vkov\u00fdch kancel\u00e1ri\u00ed, ktor\u00e9 poskytuj\u00fa \u0161irok\u00fa \u0161k\u00e1lu slu\u017eieb a konkuruj\u00fa 1xbet.<\/p>\n\n\n\n<p>Je d\u00f4le\u017eit\u00e9 zv\u00e1\u017ei\u0165 r\u00f4zne faktory, ako je kvalita slu\u017eieb z\u00e1kazn\u00edkom, v\u00fdber \u0161portov\u00fdch udalost\u00ed, kurzy, reput\u00e1cia, pohodlnos\u0165 platieb a in\u00e9.<\/p>\n\n\n\n<h2 class=\"wp-block-heading\">1xbet: preh\u013ead ponuky na \u0161portovom trhu<\/h2>\n\n\n\n<p>1xbet <strong><a href=\"https:\/\/1xbetportugal.org\/\">1xbetportugal.org<\/a><\/strong> je jednou z najv\u00e4\u010d\u0161\u00edch st\u00e1vkov\u00fdch kancel\u00e1ri\u00ed na svete, ktor\u00e1 pon\u00faka \u0161irok\u00fa \u0161k\u00e1lu slu\u017eieb a \u0161portov\u00fdch st\u00e1vok. Tu s\u00fa niektor\u00e9 z hlavn\u00fdch charakterist\u00edk ponuky 1xBet na \u0161portovom trhu:<\/p>\n\n\n\n<ul class=\"wp-block-list\">\n<li>Prev\u00e1dzkovate\u013e pon\u00faka st\u00e1vky na \u0161irok\u00fa \u0161k\u00e1lu \u0161portov\u00fdch podujat\u00ed vr\u00e1tane futbalu, tenisu, basketbalu, hokeja, boxu, UFC, golfu, kriketu, motoristick\u00fdch \u0161portov a mnoh\u00fdch \u010fal\u0161\u00edch.<\/li>\n\n\n\n<li>Z\u00e1kazn\u00edci 1xbet m\u00f4\u017eu uzatv\u00e1ra\u0165 r\u00f4zne typy st\u00e1vok, vr\u00e1tane jednoduch\u00fdch st\u00e1vok na v\u00ed\u0165aza, prepadnutie, s\u00fa\u010dty, st\u00e1vky na konkr\u00e9tne udalosti v z\u00e1pase (napr. po\u010det rohov, \u017elt\u00e9 karty at\u010f.), ako aj \u0161peci\u00e1lne st\u00e1vky.<\/li>\n\n\n\n<li>Spolo\u010dnos\u0165 pon\u00faka mo\u017enos\u0165 uzatv\u00e1ra\u0165 st\u00e1vky v re\u00e1lnom \u010dase na \u0161portov\u00e9 udalosti, ktor\u00e9 sa pr\u00e1ve odohr\u00e1vaj\u00fa. Hr\u00e1\u010di tak m\u00f4\u017eu reagova\u0165 na meniacu sa situ\u00e1ciu v z\u00e1pase a uzatv\u00e1ra\u0165 st\u00e1vky na z\u00e1klade aktu\u00e1lnych udalost\u00ed.<\/li>\n\n\n\n<li>Okrem st\u00e1vok na\u017eivo pon\u00faka 1xbet aj priame prenosy mnoh\u00fdch \u0161portov\u00fdch udalost\u00ed, v\u010faka \u010domu m\u00f4\u017eu hr\u00e1\u010di sledova\u0165 z\u00e1pasy v re\u00e1lnom \u010dase priamo na webovej str\u00e1nke st\u00e1vkovej kancel\u00e1rie.<\/li>\n\n\n\n<li>Prev\u00e1dzkovate\u013e pon\u00faka st\u00e1vky na v\u0161etky popul\u00e1rne \u0161portov\u00e9 udalosti a ligy, ako aj na mnoh\u00e9 menej zn\u00e1me ligy a turnaje v r\u00f4znych krajin\u00e1ch.<\/li>\n\n\n\n<li>1xbet pon\u00faka svojim z\u00e1kazn\u00edkom r\u00f4zne bonusy a akcie, vr\u00e1tane uv\u00edtac\u00edch bonusov, st\u00e1vok zadarmo, cashbacku a \u010fal\u0161\u00edch.<\/li>\n<\/ul>\n\n\n\n<p>Toto je len nieko\u013eko charakterist\u00edk ponuky \u0161portov\u00e9ho trhu od 1xbet. Celkovo 1xBet pon\u00faka \u0161irok\u00fa \u0161k\u00e1lu mo\u017enost\u00ed \u0161portov\u00e9ho st\u00e1vkovania a r\u00f4zne funkcie pre svojich z\u00e1kazn\u00edkov.<\/p>\n\n\n\n<h2 class=\"wp-block-heading\">Preh\u013ead ponuky hazardn\u00fdch hier na trhu 1xbet<\/h2>\n\n\n\n<p>1xbet pon\u00faka svojim z\u00e1kazn\u00edkom \u0161irok\u00fd v\u00fdber hazardn\u00fdch hier vr\u00e1tane kas\u00edna, automatov, stolov\u00fdch hier, pokru, binga a \u010fal\u0161\u00edch. Tu je preh\u013ead ponuky prev\u00e1dzkovate\u013ea na trhu hazardn\u00fdch hier:<\/p>\n\n\n\n<ul class=\"wp-block-list\">\n<li>Online kas\u00edno pon\u00faka \u0161irok\u00fa \u0161k\u00e1lu hier od popredn\u00fdch v\u00fdvoj\u00e1rov, ako s\u00fa NetEnt, Microgaming, Play&#8217;n GO, Evolution Gaming a mnoho \u010fal\u0161\u00edch. Patria sem r\u00f4zne hracie automaty, ruleta, blackjack, baccarat, kocky, video poker a \u010fal\u0161ie hry.<\/li>\n\n\n\n<li>1xbet pon\u00faka obrovsk\u00fd v\u00fdber automatov s r\u00f4znymi t\u00e9mami, vr\u00e1tane klasick\u00fdch ovocn\u00fdch automatov, dobrodru\u017en\u00fdch automatov, automatov s progres\u00edvnym jackpotom a \u010fal\u0161\u00edch. Hr\u00e1\u010di si m\u00f4\u017eu vychutna\u0165 hranie popul\u00e1rnych slotov, ako s\u00fa Book of Dead, Starburst, Gonzo&#8217;s Quest, Mega Moolah a \u010fal\u0161ie.<\/li>\n\n\n\n<li>Sekcia stolov\u00fdch hier pon\u00faka \u0161irok\u00fa \u0161k\u00e1lu rulety, blackjacku, baccaratu, pokru a \u010fal\u0161\u00edch ob\u013e\u00faben\u00fdch hier. Zahrnut\u00e9 s\u00fa klasick\u00e9 verzie hier aj ich vari\u00e1cie s r\u00f4znymi pravidlami a st\u00e1vkami.<\/li>\n\n\n\n<li>Pre t\u00fdch, ktor\u00ed uprednost\u0148uj\u00fa atmosf\u00e9ru skuto\u010dn\u00e9ho kas\u00edna, pon\u00faka 1xbet mo\u017enos\u0165 hra\u0165 v \u017eivom kas\u00edne so skuto\u010dn\u00fdmi krupi\u00e9rmi. \u017div\u00e9 kas\u00edno obsahuje r\u00f4zne vari\u00e1cie rulety, blackjacku, baccaratu, kociek a \u010fal\u0161\u00edch hier, ktor\u00e9 s\u00fa vysielan\u00e9 na\u017eivo s profesion\u00e1lnymi predajcami.<\/li>\n\n\n\n<li>V pokerovej sekcii n\u00e1jdete r\u00f4zne varianty pokeru vr\u00e1tane Texas Hold&#8217;em, Omaha, Stud a \u010fal\u0161\u00edch. V ponuke s\u00fa cash games aj turnaje s r\u00f4znymi \u00farov\u0148ami st\u00e1vok.<\/li>\n\n\n\n<li>Pre milovn\u00edkov binga pon\u00faka kas\u00edno nieko\u013eko variantov tejto ob\u013e\u00fabenej hazardnej hry vr\u00e1tane tradi\u010dn\u00fdch a modern\u00fdch verzi\u00ed.<\/li>\n<\/ul>\n\n\n\n<p>To s\u00fa len niektor\u00e9 z pon\u00fak 1xbet na trhu hazardn\u00fdch hier. Ka\u017ed\u00e1 kateg\u00f3ria hier pon\u00faka hr\u00e1\u010dom \u0161irok\u00fa \u0161k\u00e1lu mo\u017enost\u00ed a pr\u00edle\u017eitost\u00ed.<\/p>\n","protected":false},"excerpt":{"rendered":"<p>1xbet je najlep\u0161\u00ed bookmaker v eur\u00f3pskych krajin\u00e1ch, ako aj v postsovietskych regi\u00f3noch. Eur\u00f3psky st\u00e1vkov\u00fd trh je ve\u013emi zlo\u017eit\u00fd a existuje mnoho \u010fal\u0161\u00edch st\u00e1vkov\u00fdch kancel\u00e1ri\u00ed, ktor\u00e9 poskytuj\u00fa \u0161irok\u00fa \u0161k\u00e1lu slu\u017eieb a konkuruj\u00fa 1xbet. Je d\u00f4le\u017eit\u00e9 zv\u00e1\u017ei\u0165&hellip;<\/p>\n","protected":false},"author":1,"featured_media":0,"parent":0,"menu_order":0,"comment_status":"closed","ping_status":"closed","template":"","meta":{"footnotes":""},"class_list":["post-1180","page","type-page","status-publish","hentry"],"_links":{"self":[{"href":"http:\/\/konjeniski-klub-doly.com\/index.php?rest_route=\/wp\/v2\/pages\/1180","targetHints":{"allow":["GET"]}}],"collection":[{"href":"http:\/\/konjeniski-klub-doly.com\/index.php?rest_route=\/wp\/v2\/pages"}],"about":[{"href":"http:\/\/konjeniski-klub-doly.com\/index.php?rest_route=\/wp\/v2\/types\/page"}],"author":[{"embeddable":true,"href":"http:\/\/konjeniski-klub-doly.com\/index.php?rest_route=\/wp\/v2\/users\/1"}],"replies":[{"embeddable":true,"href":"http:\/\/konjeniski-klub-doly.com\/index.php?rest_route=%2Fwp%2Fv2%2Fcomments&post=1180"}],"version-history":[{"count":1,"href":"http:\/\/konjeniski-klub-doly.com\/index.php?rest_route=\/wp\/v2\/pages\/1180\/revisions"}],"predecessor-version":[{"id":1181,"href":"http:\/\/konjeniski-klub-doly.com\/index.php?rest_route=\/wp\/v2\/pages\/1180\/revisions\/1181"}],"wp:attachment":[{"href":"http:\/\/konjeniski-klub-doly.com\/index.php?rest_route=%2Fwp%2Fv2%2Fmedia&parent=1180"}],"curies":[{"name":"wp","href":"https:\/\/api.w.org\/{rel}","templated":true}]}}